.
9
Calculate the greatest common divisor of 28 and 1414.
14
What is the highest common factor of 76254 and 284?
142
Calculate the highest common divisor of 108 and 2724.
12
Calculate the highest common divisor of 222 and 24.
6
What is the highest common divisor of 9928 and 136?
136
What is the greatest common divisor of 1032 and 36894?
258
Calculate the greatest common divisor of 10630 and 5.
5
What is the greatest common factor of 114 and 558?
6
What is the highest common factor of 30 and 5090?
10
What is the greatest common divisor of 4638 and 3?
3
Calculate the highest common factor of 9 and 144.
9
Calculate the highest common factor of 2960 and 400.
80
Calculate the highest common factor of 245 and 115.
5
Calculate the highest common factor of 1 and 373.
1
Calculate the greatest common divisor of 57 and 1615.
19
What is the greatest common divisor of 74 and 629?
37
What is the highest common factor of 696 and 180?
12
Calculate the greatest common divisor of 4 and 8.
4
Calculate the highest common divisor of 18 and 2.
2
Calculate the greatest common factor of 4 and 194.
2
Calculate the highest common divisor of 1156 and 68.
68
Calculate the highest common factor of 36 and 8766.
18
Calculate the greatest common factor of 1096 and 10138.
274
What is the highest common divisor of 160 and 96?
32
Calculate the highest common factor of 272 and 2091.
17
Calculate the highest common divisor of 56 and 13048.
56
Calculate the greatest common factor of 21 and 1911.
21
What is the highest common divisor of 45 and 207?
9
What is the highest common factor of 800 and 25?
25
Calculate the highest common factor of 43 and 4472.
43
What is the highest common divisor of 135 and 35?
5
Calculate the greatest common divisor of 43 and 172.
43
What is the greatest common divisor of 19 and 3629?
19
Calculate the greatest common divisor of 59 and 15104.
59
Calculate the highest common divisor of 148 and 481.
37
What is the highest common divisor of 90 and 870?
30
What is the greatest common divisor of 676 and 52?
52
Calculate the highest common divisor of 306 and 51714.
306
What is the highest common divisor of 105 and 21?
21
Calculate the greatest common divisor of 735 and 1545.
15
Calculate the highest common divisor of 737 and 67.
67
What is the greatest common factor of 805 and 1380?
115
What is the greatest common divisor of 64 and 48?
16
What is the highest common factor of 8194 and 170?
34
Calculate the highest common divisor of 116 and 3335.
29
Calculate the highest common divisor of 8662 and 426.
142
Calculate the highest common factor of 516 and 2537.
43
Calculate the highest common factor of 16 and 7592.
8
Calculate the greatest common divisor of 35 and 63.
7
Calculate the greatest common divisor of 34 and 38.
2
What is the highest common divisor of 2 and 1?
1
What is the highest common divisor of 71 and 1?
1
Calculate the highest common factor of 7 and 21.
7
Calculate the highest common factor of 215 and 1333.
43
Calculate the highest common factor of 351 and 4095.
117
What is the highest common factor of 45 and 2538?
9
What is the highest common divisor of 30 and 75?
15
Calculate the greatest common divisor of 102 and 72.
6
What is the greatest common factor of 6561 and 81?
81
Calculate the greatest common divisor of 65 and 2925.
65
What is the highest common divisor of 133 and 19?
19
Calculate the greatest common divisor of 105 and 840.
105
Calculate the highest common divisor of 602 and 14.
14
Calculate the highest common factor of 5978 and 392.
98
Calculate the greatest common divisor of 48 and 80.
16
Calculate the greatest common factor of 1360 and 17.
17
Calculate the greatest common divisor of 14 and 623.
7
What is the greatest common factor of 363 and 165?
33
What is the greatest common divisor of 2059 and 29?
29
Calculate the greatest common divisor of 58 and 52838.
58
Calculate the highest common divisor of 806 and 26.
26
What is the greatest common factor of 35 and 1477?
7
What is the greatest common divisor of 240 and 980?
20
What is the greatest common divisor of 153 and 493?
17
Calculate the highest common divisor of 168 and 1632.
24
What is the highest common factor of 21 and 1407?
21
Calculate the greatest common factor of 1010 and 202.
202
What is the greatest common factor of 186 and 12369?
93
Calculate the greatest common factor of 924 and 4884.
132
Calculate the greatest common factor of 4556 and 402.
134
Calculate the greatest common factor of 4 and 89.
1
Calculate the highest common divisor of 76 and 988.
76
Calculate the greatest common divisor of 83 and 198.
1
Calculate the greatest common factor of 1160 and 40.
40
What is the highest common divisor of 5389 and 85?
17
What is the highest common divisor of 6 and 3?
3
Calculate the greatest common divisor of 10 and 1030.
10
Calculate the greatest common divisor of 48 and 144.
48
Calculate the highest common divisor of 57 and 19.
19
What is the greatest common factor of 215 and 45?
5
Calculate the greatest common factor of 1254 and 57.
57
Calculate the highest common factor of 20390 and 30.
10
What is the greatest common divisor of 896 and 616?
56
What is the greatest common factor of 13 and 299?
13
Calculate the highest common factor of 6 and 1154.
2
What is the highest common factor of 4 and 28?
4
What is the highest common divisor of 221 and 17459?
221
What is the highest common factor of 47 and 3901?
47
What is the highest common divisor of 6 and 39?
3
What is the greatest common factor of 220 and 6140?
20
Calculate the highest common divisor of 36 and 4044.
12
What is the greatest common divisor of 426 and 30?
6
Calculate the highest common factor of 60 and 1920.
60
What is the greatest common divisor of 24 and 708?
12
Calculate the highest common divisor of 128 and 14.
2
Calculate the highest common factor of 70 and 1610.
70
What is the highest common divisor of 247 and 19?
19
Calculate the highest common divisor of 16 and 1086.
2
Calculate the highest common factor of 46 and 29.
1
What is the highest common factor of 14 and 546?
14
What is the highest common factor of 98 and 434?
14
What is the highest common factor of 705 and 47?
47
What is the highest common factor of 132 and 3084?
12
What is the greatest common divisor of 1159 and 133?
19
What is the highest common factor of 124 and 8866?
62
What is the highest common factor of 2775 and 150?
75
Calculate the highest common divisor of 38140 and 20.
20
Calculate the highest common factor of 27 and 81.
27
What is the greatest common factor of 6 and 8598?
6
Calculate the greatest common factor of 66 and 88.
22
Calculate the greatest common divisor of 66 and 22.
22
Calculate the greatest common divisor of 286 and 260.
26
Calculate the highest common divisor of 190 and 180.
10
What is the highest common factor of 196 and 343?
49
Calculate the highest common divisor of 120 and 260.
20
Calculate the greatest common factor of 4410 and 90.
90
Calculate the highest common factor of 68 and 1088.
68
What is the greatest common divisor of 204 and 177?
3
Calculate the highest common factor of 208 and 2951.
13
Calculate the highest common factor of 12 and 92.
4
What is the highest common divisor of 17480 and 92?
92
Calculate the greatest common factor of 7783 and 43.
43
What is the highest common factor of 222 and 1258?
74
What is the greatest common factor of 880 and 2288?
176
Calculate the greatest common divisor of 50 and 4.
2
What is the highest common factor of 65 and 10?
5
What is the highest common divisor of 4236 and 4?
4
What is the highest common divisor of 48 and 28488?
24
What is the highest common divisor of 576 and 36?
36
Calculate the highest common divisor of 792 and 16.
8
What is the greatest common divisor of 48 and 2528?
16
Calculate the highest common divisor of 4155 and 45.
15
Calculate the greatest common divisor of 812 and 56.
28
Calculate the highest common divisor of 1547 and 3367.
91
What is the greatest common divisor of 6 and 2382?
6
Calculate the greatest common factor of 14 and 441.
7
Calculate the greatest common divisor of 20 and 110.
10
Calculate the greatest common factor of 2 and 718.
2
Calculate the greatest common factor of 444 and 372.
12
Calculate the greatest common factor of 1309 and 833.
119
C